 b + 1. Calculate s(r).
-6
Suppose 3*p - 30 = 3*n, 2*p - 18 = 4*n + 24. Let i(x) = x**2 + 8*x - 11. Give i(n).
22
Let k(x) = -x**2 + 6*x - 4. Let r(l) = l**2 - 26*l + 138. Let a be r(7). Calculate k(a).
1
Let o(d) be the third derivative of -d**8/6720 - d**7/840 + d**6/180 + d**5/30 + 5*d**4/8 + 17*d**2. Let x(j) be the second derivative of o(j). What is x(-3)?
-8
Let s(x) = -x**2 - 9*x - 9. Let l = -200 + 195. Determine s(l).
11
Let j(q) = 2 + q**2 - 1 - 4. Suppose 0 = w + 2*w + 5*x - 70, -126 = -5*w + x. Let m = w + -22. Calculate j(m).
6
Let u = -46 + 30. Let f = 220 + -224. Let n be (f/(-3))/(u/24). Let b(q) = 2*q**2 + 3*q + 1. Calculate b(n).
3
Let v(f) = -4*f**2 + 4*f + 3. Let h = -318 - -316. Determine v(h).
-21
Let r(y) = -3*y**2 - 3*y - 2. Let x be r(0). Let l(h) = 8*h + 2. Determine l(x).
-14
Let t(g) = -g**2 + 10*g + 7. Let o(s) = 4*s**2 - 51*s - 42. Let a(i) = 2*o(i) + 11*t(i). Determine a(2).
-3
Let z(b) be the second derivative of -b**5/20 + b**4/3 - b**3/3 + b**2/2 - 9*b - 3. Let a = 62 - 59. Determine z(a).
4
Let i = 11582 - 11585. Let p(d) = -d + 0*d + 0 - 4. Calculate p(i).
-1
Let y(v) be the second derivative of v**6/360 + v**4/24 - 11*v**3/6 - 4*v. Let h(t) be the second derivative of y(t). Calculate h(1).
2
Let l(p) = 7*p - 6. Let w(r) = -r + 1. Let a(u) = -l(u) - 6*w(u). Let m(b) = -b**3 - 4*b**2 + 2*b. Let h(x) = -3*a(x) - m(x). Calculate h(-4).
-4
Let h(n) = -4*n**2 - 2*n - 1. Suppose -11*l = -10*l + 6. Let y = -7 - l. Calculate h(y).
-3
Let s(w) = 2*w**2 - 13*w + 3. Let g be s(6). Let r(v) = v + 1. Let k(p) = 2*p + 3. Let q(h) = 4*k(h) - 9*r(h). Give q(g).
6
Let o(t) = t**3 + 29*t**2 - 93*t + 89. Let j be o(-32). Let n(d) = d**2 + 5*d - 15. Determine n(j).
-1
Let b(u) = u**2 - 5*u - 2. Let m(j) = j**2 + 4*j + 8. Let k be m(-2). Give b(k).
-6
Let b be -41*(-2)/10 - ((-16)/4)/(-20). Let m(c) = -c + 5. Let h(r) = 3*r - 16. Let s(a) = 6*h(a) + 17*m(a). Give s(b).
-3
Let y(i) be the second derivative of 3*i + 0*i**4 + 1/3*i**3 + 0 - 1/2*i**2 + 3/10*i**5. Give y(1).
7
Let y(k) = k**2 - 6*k - 3. Let o(i) = 6*i**2 - 32*i - 17. Let l(f) = -2*o(f) + 11*y(f). Give l(-3).
-2
Let j(w) = w**3 - 6*w**2 + 7*w - 5. Suppose 54*t - 36 = 45*t. Determine j(t).
-9
Let v(t) = -2*t + 12 + 2*t - t. Let q be 19/114 - (-161)/6. Let i = q + -21. What is v(i)?
6
Let g(f) = f - 3. Let p be g(-3). Let t(c) = 174 + c - 388 + 219. What is t(p)?
-1
Let q(x) be the first derivative of 0*x + 1/12*x**4 + 5/6*x**3 - 2*x**2 - 2. Let w(h) be the second derivative of q(h). What is w(-4)?
-3
Let q(b) = -b**3 - 21*b**2 - 35*b + 24. Let u be q(-19). Let k = 29 + u. Let s(m) = -2*m + 1. What is s(k)?
9
Let q(g) = g - 44. Let p be q(18). Let v be (-282)/p + 18/117. Suppose 4*f + 9 = -v. Let n(d) = 2*d + 7. Calculate n(f).
-3
Let q(d) = -7 + 0*d**2 - d**2 - 7*d + d. Let l = -140 - -135. Give q(l).
-2
Let j = 267 + -267. Let a(q) = -q**2 - 2*q + 9. Let b(m) = -m - 1. Let f(g) = a(g) - 2*b(g). Determine f(j).
11
Let t(b) = 0*b + 2 - 4 + 2*b. Let n(c) = -c**3 - 12*c**2 - 19*c + 13. Let u be n(-10). Suppose 2 = -2*i - 4*k, -2*i + 11 + u = -4*k. Give t(i).
4
Let p be 10/(-25) + 1 + 3/(-5). Suppose p = -55*w + 58*w + 18. Let g(k) = k**2 + 9*k + 2. Give g(w).
-16
Let q(x) = x + 5. Let v(f) = 4*f - 16. Let y(i) = 11*i - 48. Let w = 39 + -22. Let o(c) = w*v(c) - 6*y(c). Let s be o(-11). Calculate q(s).
-1
Let t(p) = -2*p**2 + 11*p + 1. Let z be t(5). Suppose 7*h - 6*h = z. Let m(g) = -g**3 + g**3 + g**2 + g**2 - 1 - h*g**3. Calculate m(-1).
7
Let u(s) = 5*s**3 + 5*s**2 - 11*s + 11. Let f(n) = -3*n**3 - 5*n**2 + 9*n - 11. Let p(a) = 3*f(a) + 2*u(a). Give p(4).
-7
Let l(q) = -q**3 + 136*q + 1 - 6*q**2 - 8 + 2 - 135*q. Determine l(-6).
-11
Let n(w) be the second derivative of -w**6/360 - w**5/20 - w**4/12 + 6*w. Let a(d) be the third derivative of n(d). Let j be (10/4)/1*-2. Calculate a(j).
4
Let z(c) = 8*c. Suppose 149*n + 55 = 204*n. Determine z(n).
8
Suppose -l = 2, 3*l = -4*w + 2*w + 6. Let g be 9*(14/w + -2). Let z(r) = 3 - r**3 + 0*r**3 + 4*r**2 + 2 - 4 - 4*r. What is z(g)?
-2
Let z(u) = 3*u + 11. Let h(l) = -l - 2. Let x(w) = 4*h(w) + z(w). Determine x(4).
-1
Let l(b) = -b**2 + 13*b - 33. Suppose 159 = -4*y + 5*k + 200, -5*y = 5*k - 40. Calculate l(y).
3
Let d(f) = f**3 + 6*f**2 - 8*f - 5. Let v be d(-7). Let o(c) = 11*c - c + c - 5 - c**v - 5*c. Suppose 2*j + 5*m = 12, -j - 3*m + m = -6. What is o(j)?
-5
Let z(p) be the second derivative of 2*p**3/3 - 41*p**2/2 - 378*p + 1. Determine z(12).
7
Suppose -5*v = -16 + 1. Let s = v + -1. Let l(h) = 8*h - 3 + 0*h - h - s*h. Determine l(2).
7
Suppose l + 25 = 5*l - r, -3*l - 3*r = -30. Let i(w) = -w**3 + 6*w**2 + 5*w + 14. Let s be i(l). Let c(f) = -f**3 - f**2 + f + 6. Determine c(s).
6
Let v(h) = 2*h - 31. Let o be v(15). Let c be 2/8 + o + 20/(-16). Let t(z) = -4*z + 1. What is t(c)?
9
Let m(p) be the second derivative of -p**5/60 - p**4/8 + 3*p**3 - 19*p. Let l(x) be the second derivative of m(x). Give l(-4).
5
Let q(d) = 12*d**3 - 6*d**2 - 6*d + 7. Let a(l) = -13*l**3 + 7*l**2 + 7*l - 9. Let w(y) = 4*a(y) + 5*q(y). Determine w(-1).
-9
Suppose 0 = 10*q + 11 - 81. Let l(a) = a**3 - 8*a**2 + 7*a + 7. Give l(q).
7
Let r(l) = 4*l + 1. Let x(f) = f**2 - f + 1. Let y be x(2). Let b be 6/(-10)*(-12 - y). Let v be ((-8)/6)/((-6)/b). What is r(v)?
9
Let d(h) = -h + 6. Let a(p) = -2*p - 8. Let x(l) = 0 + 4*l + l**3 - 6 - 6*l**2 + 5. Let n be x(5). Let b be a(n). Give d(b).
2
Let h(g) = -5*g**2 - 2*g - 1. Let r(q) = -17*q**2 - 7*q - 2. Let f(t) = 10*h(t) - 3*r(t). Calculate f(0).
-4
Let f = -27 - -12. Let b be 72/20 + (-6)/f. Let j(m) = -5*m**3 + 3*m + 2*m - 2 - b*m + 4*m**3 + 4*m**2. Calculate j(4).
2
Let a(j) = j**2 + 20*j + 5. Suppose 0 = -4*t + l - 7 - 78, t - 5*l = -45. What is a(t)?
5
Let b(h) = 6*h**2 + 3*h - 2. Let u = -3 - -9. Let a be 8/u*(5 - 8). Let o(n) = -n**2 + 1. Let y(z) = a*o(z) - b(z). What is y(-3)?
-11
Let g be 0/((1 + -2)*-3). Suppose 1 = -4*a + 13. Suppose a*f + 3 = -g*f. Let b(p) = -2*p. Determine b(f).
2
Let k(d) = 3*d**2 - 53*d**3 + 1 + 0*d**2 - 4*d + 101*d**3 - 47*d**3. What is k(-4)?
1
Let j(t) = -24*t**3 - t**2 - t - 1. Suppose 74 - 81 = 7*x. Give j(x).
23
Let n(i) = 2*i**2 - 10*i - 18. Let l(h) = 2*h + 5. Let j be l(1). Let m be n(j). Let z(a) = -a**3 + 11*a**2 - 10*a - 4. Give z(m).
-4
Let t(p) = -2*p - 3. Let s be (-102)/(-14) - 4/14. Let u(n) = -n - 1. Let v(i) = s*u(i) - 3*t(i). Suppose 5 = -r + 1. Give v(r).
6
Suppose 3*t + 56 = 59. Let c(g) be the second derivative of g**5/5 - g**3/6 - 4*g. What is c(t)?
3
Let m(b) = -b + 3. Let q be m(0). Suppose 0*o = -o - q. Let l be 1/(o/(-6)) + -2. Let t(i) = -i + 16. Give t(l).
16
Let n(g) = -g**2 + 3*g - 7. Let h be n(2). Let a(q) = q**3 + 3*q**2 - 5*q - 2. Calculate a(h).
-27
Suppose 0 = 3*w + 4*v + v + 37, -3*w - v - 17 = 0. Let t(n) = -n - 16. Calculate t(w).
-12
Let j(u) be the second derivative of 2/3*u**3 + 0*u**2 + 0 + 11*u. Give j(1).
4
Suppose 0 = -o - o + 22. Let g = 11 - o. Let t = g - 1. Let r(m) = -m**3 - m**2 - 1. Determine r(t).
-1
Let k(y) = y**2 - y + 2. Let l(v) = -v**2 - 4*v + 7. Let d(n) = 3*k(n) - l(n). Give d(1).
4
Suppose -k + 12 = 5*k. Suppose 2*l = -0*l + 2*t - 10, 2*l + 2 = -k*t. Let r(p) be the first derivative of -p**3/3 - p**2/2 + 2*p + 1. Determine r(l).
-4
Suppose 40 = r + x - 0*x, 4*r - 5*x - 178 = 0. Suppose f = 7*f + r. Let b(l) = 3*l + 9. Determine b(f).
-12
Let l(d) = 4*d**3 + 0*d**2 - 10 + 17*d - 20*d + 4*d**2. Let o(p) = -5*p**3 - 4*p**2 + 4*p + 11. Let k(z) = 6*l(z) + 5*o(z). Calculate k(4).
3
Let h = 19 - 14. Suppose -h*j = -j - 24. Let b(l) = -l**3 + 7*l**2 - 8*l + 1. Calculate b(j).
-11
Let q(s) = -4*s + 4. Let u be 7/(15/6 + 1). Calculate q(u).
-4
Let f(t) be the second derivative of t**4/12 + 4*t**3/3 - t**2 + 72*t + 8. Let v = -14 - -8. What is f(v)?
-14
Let i(z) = z + 8. Let q(j) = -j**2 - 3*j + 6. Suppose 0 = -2*p - 2 - 8. Let r be q(p). Determine i(r).
4
Let t(c) = 2*c + c**3 - 4*c + 9 - 8*c**2 + 2*c - c. Let x be t(8). Let k(f) = -7*f**3 + 2*f**2 - 2*f + 1. Determine k(x).
-6
Let q(l) = -l**2 + 5*l + 5. Let g be 12/(0 + 4) + 3. What is q(g)?
-1
Let z(p) = 0*p**3 - 14 + 8*p**2 + 2*p**3 - p**3 + 19*p - 10*p**2 - 17*p**2. Determine z(18).
4
Let g = 281 - 286. Let o(t) = 2*t**2 + 11*t + 7. Determine o(g).
2
L